2?
2, 17, 523
List the prime factors of 5536.
2, 173
What are the prime factors of 1354?
2, 677
List the prime factors of 2540.
2, 5, 127
What are the prime factors of 875?
5, 7
What are the prime factors of 29203?
19, 29, 53
What are the prime factors of 2450?
2, 5, 7
What are the prime factors of 8098?
2, 4049
List the prime factors of 30036.
2, 3, 2503
What are the prime factors of 3860?
2, 5, 193
List the prime factors of 74.
2, 37
List the prime factors of 193347.
3, 7, 11, 31
What are the prime factors of 1872?
2, 3, 13
What are the prime factors of 12307?
31, 397
List the prime factors of 81.
3
List the prime factors of 42478.
2, 67, 317
List the prime factors of 4556.
2, 17, 67
What are the prime factors of 14781?
3, 13, 379
What are the prime factors of 1744?
2, 109
List the prime factors of 28670.
2, 5, 47, 61
List the prime factors of 107675.
5, 59, 73
List the prime factors of 37090.
2, 5, 3709
What are the prime factors of 4300?
2, 5, 43
What are the prime factors of 30039?
3, 17, 19, 31
What are the prime factors of 75?
3, 5
List the prime factors of 88129.
88129
List the prime factors of 5423.
11, 17, 29
What are the prime factors of 77818?
2, 13, 41, 73
What are the prime factors of 12722?
2, 6361
List the prime factors of 75.
3, 5
List the prime factors of 1004.
2, 251
What are the prime factors of 4805?
5, 31
What are the prime factors of 21591?
3, 2399
What are the prime factors of 18118?
2, 9059
List the prime factors of 5670.
2, 3, 5, 7
What are the prime factors of 9733?
9733
List the prime factors of 150049.
181, 829
List the prime factors of 140099.
29, 4831
List the prime factors of 530.
2, 5, 53
What are the prime factors of 37889?
37889
List the prime factors of 18554.
2, 9277
What are the prime factors of 40448?
2, 79
What are the prime factors of 3013?
23, 131
List the prime factors of 130680.
2, 3, 5, 11
What are the prime factors of 164?
2, 41
What are the prime factors of 9833?
9833
List the prime factors of 6685.
5, 7, 191
List the prime factors of 25.
5
List the prime factors of 427.
7, 61
What are the prime factors of 1903?
11, 173
What are the prime factors of 2965?
5, 593
What are the prime factors of 1073?
29, 37
What are the prime factors of 1400?
2, 5, 7
List the prime factors of 654.
2, 3, 109
List the prime factors of 14970.
2, 3, 5, 499
List the prime factors of 1126.
2, 563
List the prime factors of 20615.
5, 7, 19, 31
What are the prime factors of 15790?
2, 5, 1579
List the prime factors of 60304.
2, 3769
What are the prime factors of 977?
977
List the prime factors of 1282.
2, 641
List the prime factors of 14143.
14143
What are the prime factors of 21849?
3, 7283
List the prime factors of 7491.
3, 11, 227
List the prime factors of 13652.
2, 3413
What are the prime factors of 1942?
2, 971
List the prime factors of 585.
3, 5, 13
List the prime factors of 145423.
145423
List the prime factors of 16683.
3, 67, 83
List the prime factors of 3569.
43, 83
What are the prime factors of 3917?
3917
What are the prime factors of 2246?
2, 1123
List the prime factors of 9081.
3, 1009
What are the prime factors of 266?
2, 7, 19
What are the prime factors of 3112?
2, 389
List the prime factors of 2957.
2957
What are the prime factors of 160410?
2, 3, 5, 5347
List the prime factors of 902.
2, 11, 41
What are the prime factors of 56043?
3, 13, 479
List the prime factors of 25443.
3, 11, 257
List the prime factors of 7286.
2, 3643
What are the prime factors of 2164?
2, 541
What are the prime factors of 13318?
2, 6659
What are the prime factors of 617?
617
What are the prime factors of 5?
5
List the prime factors of 5454.
2, 3, 101
What are the prime factors of 2686?
2, 17, 79
What are the prime factors of 16815?
3, 5, 19, 59
What are the prime factors of 246?
2, 3, 41
What are the prime factors of 12265?
5, 11, 223
What are the prime factors of 91645?
5, 18329
What are the prime factors of 8860?
2, 5, 443
What are the prime factors of 4621?
4621
What are the prime factors of 1747?
1747
What are the prime factors of 2528?
2, 79
What are the prime factors of 6574?
2, 19, 173
What are the prime factors of 3106?
2, 1553
List the prime factors of 2201.
31, 71
What are the prime factors of 21608?
2, 37, 73
List the prime factors of 8794.
2, 4397
List the prime factors of 19006.
2, 13, 17, 43
List the prime factors of 10960.
2, 5, 137
List the prime factors of 20562.
2, 3, 23, 149
What are the prime factors of 32481?
3, 401
What are the prime factors of 2661?
3, 887
List the prime factors of 50244.
2, 3, 53, 79
List the prime factors of 38786.
2, 11, 41, 43
List the prime factors of 4037.
11, 367
List the prime factors of 662.
2, 331
List the prime factors of 1711.
29, 59
List the prime factors of 5764.
2, 11, 131
What are the prime factors of 371?
7, 53
List the prime factors of 775.
5, 31
What are the prime factors of 982?
2, 491
What are the prime factors of 5459?
53, 103
What are the prime factors of 26957?
7, 3851
What are the prime factors of 1907?
1907
List the prime factors of 4542.
2, 3, 757
List the prime factors of 1393.
7, 199
What are the prime factors of 45458?
2, 7, 17, 191
List the prime factors of 2103.
3, 701
List the prime factors of 6602.
2, 3301
What are the prime factors of 248?
2, 31
What are the prime factors of 7768?
2, 971
List the prime factors of 3074.
2, 29, 53
What are the prime factors of 5037?
3, 23, 73
What are the prime factors of 1095?
3, 5, 73
List the prime factors of 25534.
2, 17, 751
What are the prime factors of 74689?
19, 3931
List the prime factors of 1260.
2, 3, 5, 7
What are the prime factors of 4963?
7, 709
List the prime factors of 7971.
3, 2657
List the prime factors of 892.
2, 223
What are the prime factors of 18902?
2, 13, 727
List the prime factors of 2397.
3, 17, 47
What are the prime factors of 6981?
3, 13, 179
List the prime factors of 7583.
7583
List the prime factors of 1046.
2, 523
List the prime factors of 853.
853
List the prime factors of 3789.
3, 421
What are the prime factors of 3576?
2, 3, 149
List the prime factors of 10132.
2, 17, 149
List the prime factors of 47254.
2, 23627
What are the prime factors of 24356?
2, 6089
What are the prime factors of 93379?
11, 13, 653
What are the prime factors of 61157?
23, 2659
List the prime factors of 1597.
1597
What are the prime factors of 3607?
3607
List the prime factors of 761.
761
What are the prime factors of 3729?
3, 11, 113
List the prime factors of 6802.
2, 19, 179
List the prime factors of 86743.
86743
What are the prime factors of 5665?
5, 11, 103
What are the prime factors of 39092?
2, 29, 337
What are the prime factors of 20123?
20123
What are the prime factors of 1841?
7, 263
List the prime factors of 9181.
9181
List the prime factors of 7694.
2, 3847
What are the prime factors of 12529?
11, 17, 67
What are the prime factors of 769?
769
What are the prime factors of 34683?
3, 11, 1051
What are the prime factors of 1305?
3, 5, 29
What are the prime factors of 692?
2, 173
What are the prime factors of 2708?
2, 677
List the prime factors of 545.
5, 109
List the prime factors of 423.
3, 47
What are the prime factors of 26944?
2, 421
List the prime factors of 2024.
2, 11, 23
List the prime factors of 9269.
13, 23, 31
What are the prime factors of 43147?
13, 3319
List the prime factors of 1671.
3, 557
What are the prime factors of 419?
419
List the prime factors of 371.
7, 53
What are the prime factors of 1292?
2, 17, 19
List the prime factors of 5691.
3, 7, 271
List the prime factors of 2653.
7, 379
List the prime factors of 1694.
2, 7, 11
List the prime factors of 162309.
3, 7, 59, 131
List the prime factors of 21451.
19, 1129
What are the prime factors of 108050?
2, 5, 2161
What are the prime factors of 100554?
2, 3, 16759
List the prime factors of 2561.
13, 197
What are the prime factors of 2602?
2, 1301
What are the prime factors of 6920?
2, 5, 173
List the prime factors of 101608.
2, 13, 977
List the prime factors of 1973.
1973
What are the prime factors of 9846?
2, 3, 547
What are the prime factors of 8904?
2, 3, 7, 53
List the prime factors of 396.
2, 3, 11
List the prime factors of 6949.
6949
List the prime factors of 19658.
2, 9829
What are the prime factors of 4574?
2, 2287
List the prime factors of